te number?
False
Let l(i) = -i**2 + 4*i + 2. Let v be l(3). Suppose -2392 = -v*g - 667. Suppose 2*d - 5*d + g = 0. Is d a composite number?
True
Suppose y + 4*m = 817, -3*y - 5*m - 826 = -4*y. Is y prime?
True
Suppose 4*i - n - 13 = -65, 5*i = 2*n - 68. Let f be i/(-10) - (-3)/(-15). Let z(d) = 35*d - 1. Is z(f) a prime number?
False
Let j(u) be the second derivative of u**4/4 + 4*u**3/3 - 9*u**2/2 + 6*u. Is j(-7) a composite number?
True
Let i(j) = 3*j + 10. Let d be i(-4). Let o(g) = 1 + 0*g**2 - 3*g - g**2 - 4 - 10*g**3. Is o(d) a prime number?
True
Let y be 4/6 - (-8)/(-12). Suppose y = q - 4*q + 93. Suppose 3*h - 51 = -5*o + q, -o - 71 = -4*h. Is h a composite number?
False
Suppose 2*u = 5*i + 18, i + i = -3*u + 8. Let y = u - 4. Let m(a) = -a + 149. Is m(y) a composite number?
False
Let p(v) = v**3 - v**2 + 6*v - 5. Is p(3) composite?
False
Let g(j) = 2*j. Let u be g(1). Suppose -v + u*v = 0. Suppose t - 4*b = 3*t - 118, -2*t - b + 133 = v. Is t a composite number?
True
Is 424/32*4*83 prime?
False
Let k(b) = -4*b - 1. Let q be k(-1). Suppose -3*j - 469 = -5*d, 337 = q*d - 5*j + 46. Suppose 4*c = -5*a + 135 + d, 4*c = -2*a + 218. Is c a composite number?
False
Let w(c) = 3*c**2 + 2*c + 1. Let r be w(-1). Let f be -305*r*(-1)/5. Suppose -2*h + f = 6. Is h a prime number?
False
Suppose 0 = -3*m + 2*n - 18 + 307, 5*n = 5. Is m prime?
True
Suppose 2*t - 5*y - 6 = 8, 4*t + 5*y + 2 = 0. Is 2/8*t*74 a prime number?
True
Let s = -39 + 79. Is 186/5 - 8/s a composite number?
False
Suppose -b - b = -2. Let c(v) = -3*v + 1. Let p be c(b). Is (-1)/p*(-296)/(-4) a composite number?
False
Let m(h) = 146*h**3 + 2*h**2 - 2*h + 1. Let c be m(1). Suppose -2*u + u + 3*p = 94, 0 = 4*p. Let l = c + u. Is l prime?
True
Let j(v) = -v**2 - 8*v + 1. Let w be j(-8). Let z be (0 + 0/(-1))*w. Suppose -5*m = -z*m - 745. Is m composite?
False
Suppose -2*y + s + 175 = 0, -5*y + 3*s - s + 439 = 0. Is y composite?
False
Let t(o) = -5*o + 8. Suppose 2*l + 6 = -4. Is t(l) composite?
True
Suppose 4*q - 10 = -2. Suppose -q*c = -c - 259. Is c composite?
True
Suppose -c + 235 + 44 = -4*k, -4*k + 1016 = 4*c. Is c prime?
False
Suppose -2*v + 30 = v. Suppose -23 = -3*h + v. Is h composite?
False
Let u(i) be the third derivative of -i**6/120 + 7*i**5/60 - i**4/4 + i**3 + 2*i**2. Let r be u(6). Suppose -v = -r*v + 165. Is v a composite number?
True
Suppose k + 5*w - 3833 = 2*w, 0 = -w. Is k a composite number?
False
Suppose -6 = -2*q - 0, 2*p - 579 = -q. Suppose -x = -5*x - p. Is x/(-7) + 4/(-14) prime?
False
Let z = 0 + 3. Let t = z + -5. Is (198/(-30))/(t/10) a composite number?
True
Let a(g) = 542*g**2 - 3*g + 2. Is a(1) composite?
False
Let u be ((-6)/12)/(1/4). Let k be ((-2)/u)/(4/(-12)). Is -1*(k + -198) + 2 prime?
False
Let p be 1/3 + 40/15. Suppose p*a + 332 = 7*a. Is a composite?
False
Let h(a) = a**2 + 8*a + 7. Let z be h(-7). Let r(m) = -4*m**2 + m**3 + m + 3*m**2 + m**2 + 127. Is r(z) composite?
False
Suppose -b = 4, -2*b = -4*k - 3*b + 11404. Is k/16 + (-3)/12 a prime number?
False
Is 1/(-2)*(-3222)/9 a composite number?
False
Suppose -4*g + 180 = -356. Suppose 2 = 4*q - 14. Suppose q*p + g = 6*p. Is p a prime number?
True
Suppose -2*g = 3*d + 3*g - 29, 5*g = 5. Is 4379/13 + d/52 composite?
False
Let d = 6 + -12. Let q(l) = -2*l**3 - 5*l**2 - 9*l - 3. Is q(d) a prime number?
False
Let m(x) = x**2 - 7*x + 10. Let o(d) = d**3 - 3*d**2 - 3*d + 3. Let u be o(4). Is m(u) a prime number?
False
Suppose 2*b = a + 21, -9 = -4*b + a + 28. Let u = 15 - b. Suppose -4*y + 171 = 3*o - u*y, -5*o - 3*y = -253. Is o prime?
True
Is 4/14 + 18520/56 a composite number?
False
Suppose 5*m = 4*m + 8. Suppose m*b - 4*b = 332. Is b composite?
False
Let r(s) = -5*s - 3. Let d(a) = -a. Let f(b) = -5*d(b) - r(b). Is f(4) a composite number?
False
Let q = -30 + 33. Is q a composite number?
False
Let q = -58 + -51. Let z = q - -188. Is z a prime number?
True
Let u(o) = o**3 + 10*o**2 - 2*o. Is u(-7) a composite number?
True
Let a(d) = 7*d**2 + 8*d + 5. Let v be a(-4). Let k = 274 + v. Is k prime?
True
Let f = 609 - 110. Is f prime?
True
Let j(o) = -26*o - 6. Let c be j(-7). Suppose -5*g + 109 = 2*y - c, 250 = 5*g - 5*y. Is g prime?
False
Let t be ((-424)/6)/(20/(-30)). Suppose -3*x + 5*j + t = 0, 89 = 2*x - 4*j + 19. Is x a composite number?
False
Let m = 12 - 8. Suppose 4*h - 146 = 34. Suppose d - h = 2*q, -m*d - 4*q + 191 = -q. Is d prime?
True
Let s(h) = -h**2 + 5*h - 3. Let w be s(4). Is (9/6)/(w/38) prime?
False
Suppose 0 = 3*b + a - 397, 5*a = b - 0*b - 143. Is b a composite number?
True
Let g be -2 + 3 + 0 + 1. Suppose i + 77 = g*i. Is i prime?
False
Let x = -2 - -4. Suppose 3*n - 5 = x*o, -2*n + 4*o - 13 = -3. Suppose -51 = -3*q + 2*k, n*q - q - 88 = -4*k. Is q prime?
True
Suppose 3*m - 5*d - 1304 = 0, m + d - 250 - 198 = 0. Is m prime?
True
Let n(d) = -d - 4. Let p be n(-4). Let x(a) = -a + p*a + 0*a. Is x(-4) a composite number?
True
Suppose 4*k + 0*k + 16 = 0, 3*k = -o - 12. Let d(l) = l**3 - 3*l + 11 + 0 + 2*l + l**2 + 12. Is d(o) prime?
True
Let v = -2315 + 4276. Is v a composite number?
True
Suppose -4*n + 6*n - 16 = 3*j, 14 = -4*j - n. Let b(k) = 0*k**2 - 1 - 4*k + 3*k + k**2. Is b(j) a composite number?
False
Let y = 7 + -7. Suppose -2*n + 103 + 195 = y. Is n composite?
False
Let y = 13 + -10. Suppose -10 = -2*b, -3*j + 4*j + y*b - 38 = 0. Is j composite?
False
Let t(d) = -d**3 - 4*d**2 + 5*d + 1. Let y be t(-6). Let o = y - 24. Is o prime?
True
Suppose l + c = 2*l - 3, -4*l + 13 = -5*c. Suppose l*o - 324 = -2*n + 4*o, 3*n = 4*o + 485. Is n composite?
False
Let v = 73 + -139. Let q = -17 - v. Suppose -k + q = -0*k. Is k composite?
True
Let j(c) = c**3 - 5*c**2 - 5*c - 8. Let f be j(6). Let w = 6 + -4. Is (4 - -16) + f/w a composite number?
False
Let r = -109 - -227. Is r prime?
False
Suppose -3*t + 3*w + 11859 = 0, -10 = 2*w - 2. Is t composite?
True
Suppose w + 0 - 3 = 0. Let f = w + -1. Suppose -5*u + 26 + 38 = 4*b, 0 = -b - f*u + 13. Is b a prime number?
False
Let j be ((-9)/4 + 1)*-4. Suppose 0 = 5*v - j*n, 3*v + 3*n - 22 = -4. Suppose -149 = -5*u - 3*o, v*u - 5*o - 27 = 76. Is u prime?
True
Let k = 5 + -2. Suppose -2*i + 4*m = -158, -173 = -k*i + i - m. Is i composite?
True
Let s(u) = 267*u**3 + u**2 + 2*u - 3. Is s(1) prime?
False
Let i(y) = y**3 + 5*y**2 - y - 3. Let o be i(-5). Suppose 2*k + 3*k = -3*f + 95, k = -4*f + o. Is k prime?
False
Suppose 3*z - 10 = 2*h, 0 = -4*z - h - 3*h. Suppose 5*a - z*a + 255 = 0. Let l = 212 + a. Is l a prime number?
True
Let x = 5 + -10. Let g = 7 + x. Is (g + 1)*(-1 + 3) a composite number?
True
Let y = -2 - -8. Is 43/(-3)*(3 - y) a composite number?
False
Let a be -9*2/3*-1. Let q(m) = 12*m**2 - 1. Is q(a) prime?
True
Let o(p) = -p - 2. Let j be o(-4). Suppose 4*k - 5*s = 141, j*k + 0*s = 4*s + 78. Suppose -2*b + k = -13. Is b prime?
False
Let x(p) be the first derivative of p**4/4 + 2*p**3 + p**2 + 4*p - 4. Is x(-5) composite?
False
Let p be 2*((-3)/2 - -1). Is (-3 + -20)*p*1 composite?
False
Let j(a) = 164*a + 6. Let m(z) = 109*z + 4. Let b(v) = 5*j(v) - 7*m(v). Is b(1) a composite number?
False
Suppose -765 = -5*w - 40. Is w a composite number?
True
Let u be 0 - -1 - (-3 + 4). Suppose u = -3*m - 0*m + 48. Is m - (2 + 0)/2 a prime number?
False
Let c be (-56)/(-12) + (-4)/6. Let u be (c/2 - 46)/(-1). Let l = u - 29. Is l composite?
True
Suppose d + 1 = 3*o - 1, -4 = 2*d + 5*o. Is -3*d/6*1141 composite?
True
Let p = 1 - 2. Let a = p + -1. Is a - (-12)/(1/1) composite?
True
Let l = 15 + -12. Let m = 151 + -76. Suppose -l*p = -n + p + m, 0 = n + 4*p - 59. Is n prime?
True
Suppose 1813 = u + p - 797, -u - 3*p + 2612 = 0. Is u a composite number?
False
Let q = 460 + -275. Is q a prime number?
False
Let s(c) = -c - c + 2*c - c**2 + 15. Is s(0) prime?
False
Suppose -5*u = 4*f - 6253, 0 = -f - 4*f - u + 7832. Is f composite?
False
Let u(b) = b**2 - 8*b + 6. Is u(-7) composite?
True
Let y(o) = 11*o**2 - 5*o + 2. Is y(3) a prime number?
False
Let u = 100 - 29. Let r = 129 - u. Is r a composite number?
True
Let o be 9/3 + -6 - -324. Suppose 5*w = -4*a + 2*a + o, -4*a = 3*w - 187. Is w prime?
False
Let l(f) = f**3 - f**2 - 2. Let i be l(2). Suppose -4*t + 6 - i = 0. Is t*((-333)/(-3))/3 prime?
True
Let c be 6/(-21) - 72/(-7). Suppose -4*t + 320 